t h = -73 + 77. Calculate the highest common divisor of 4 and h.
4
Suppose -5*g = 2*a - 198, 5*a - 764 = 5*g - 269. Suppose 0 = -0*u + 3*u - a. Calculate the highest common factor of 22 and u.
11
Let l = 0 + 3. Let i(t) = t**2 - 5. Let v be i(-4). Suppose -2*s - 5*w = -0*s - 26, -s - 2*w + v = 0. What is the highest common divisor of l and s?
3
Let o be (-1186)/(-4) - (-6)/12. What is the highest common factor of 27 and o?
27
Let o(a) = 3*a + a + 22 - 5*a. Let b be o(0). Let s be (b - 0) + -2*1. What is the greatest common divisor of s and 5?
5
Let v be (12/(-9))/((-2)/21). Let a = -49 - -75. Suppose a = 5*h - v. Calculate the highest common divisor of h and 12.
4
Let i(j) be the first derivative of j**4/4 + 5*j**3/3 - 7*j**2/2 + 2*j - 1. Let f be i(-6). Calculate the greatest common factor of f and 56.
8
Let n = 69 + -9. Let x(z) = -2*z - 6. Let p be x(-4). Let r be 0 + 16 + (-2)/p. Calculate the greatest common factor of r and n.
15
Let d = -5 - -7. Let m = -1 + 8. Let g = -6 + m. Calculate the highest common divisor of g and d.
1
Suppose -2*k = j - 8, -2*j - 7 = -3*k - j. Let f be (-6)/(-4)*6/9. What is the greatest common divisor of f and k?
1
Suppose 2*o + 3 = 9. What is the highest common divisor of o and 1?
1
Let n = 15 + -9. Let t(v) = -v**3 - v**2 - v - 1. Let d be t(-2). Let x = 8 - d. Calculate the highest common divisor of x and n.
3
Suppose 5*n = -j, 6 + 18 = 4*j - 4*n. Suppose -2*m = -l + 143, -2*m + 691 = j*l - 6*m. What is the greatest common factor of l and 15?
15
Let p = 1 + -7. Let v be p/(-4) - 27/(-6). Calculate the greatest common divisor of 15 and v.
3
Let v = 1 + 1. Let f be (-44)/6 - v/3. Let o(i) = i**2 + 3*i - 4. Let x be o(f). What is the greatest common factor of 24 and x?
12
Let g(m) be the third derivative of -m**5/60 - 7*m**4/24 + 5*m**3/3 + 4*m**2. Let f be g(-8). What is the highest common divisor of f and 10?
2
Let l(h) = 9*h - 16. Let u be l(6). What is the greatest common divisor of 38 and u?
38
Let w be (-5)/((-2)/2 + 0). Let v = w - 1. What is the highest common divisor of v and 10?
2
Let a(d) = d**3 + d**2 - d + 32. Let n be a(0). What is the highest common divisor of 4 and n?
4
Let r be 74/4 + (-4)/8. What is the greatest common divisor of r and 18?
18
Let g = 28 + 26. Calculate the highest common divisor of g and 18.
18
Let h = 20 + -12. Let r = -19 - -20. Let v be r/(-1)*(-65 + 1). Calculate the greatest common divisor of h and v.
8
Suppose 0 = 7*d - 2*d + 15. Let r(u) = 5*u - 3. Let x(w) = -4*w + 2. Let o(l) = d*r(l) - 4*x(l). Let y be o(5). What is the greatest common factor of y and 48?
6
Let o(i) be the third derivative of i**5/30 - 5*i**4/24 - 7*i**3/6 - 2*i**2. Let m be o(9). What is the highest common factor of m and 22?
22
Let k = -17 - -53. Let y(l) = l**3 - 2*l**2 - 2*l + 2. Let f be y(2). Let c be 6/4*(14 + f). What is the greatest common divisor of c and k?
18
Let h be 1 - (-4 + -1) - -1. Let j = h - -13. Calculate the highest common factor of 4 and j.
4
Let j(a) = -2*a + 7. Let b be j(-5). Let w = b + -8. Let y = 4 - 1. What is the greatest common divisor of y and w?
3
Suppose 5*j - 185 = 55. Let m = -10 - -13. Suppose -2*o + 2*y + 50 = 2*o, -m*o - y + 35 = 0. Calculate the highest common divisor of j and o.
12
Let s be 48 + -3 + 3/1. Suppose 3*p = -2*p. Suppose 12 = v - p. What is the greatest common divisor of v and s?
12
Suppose 0 = -2*d + 3 - 5, 2*w = -d + 55. Let c = w - 10. Let r = -55 + 100. Calculate the highest common divisor of c and r.
9
Let k(m) = -6*m - 3. Let p be k(-2). Let v(b) = 51*b - 3. Let r be (-4)/(-3 - -2) - 2. Let s be v(r). What is the greatest common divisor of s and p?
9
Suppose -c - 7 = -3*m - 5*c, 4*c = -2*m - 2. Suppose 2*i - 3*i + 6 = 0. Let p be (i - 0)/(6/9). What is the greatest common factor of p and m?
9
Suppose -96 = -6*a + 3*a. Calculate the greatest common divisor of 4 and a.
4
Let w(v) = -2*v**2 - 11*v + 4. Let h be w(-8). Let m be ((-12)/18)/(1/h). Let o be 6*3/2 + -1. What is the greatest common divisor of o and m?
8
Suppose 5*s - 774 = a, -2*s - 2*a + 312 = -0*a. What is the greatest common factor of 62 and s?
31
Let k be ((-396)/20)/(1/(-5)). Suppose 8*y = 4*y + 44. Calculate the highest common divisor of y and k.
11
Suppose 3*y = 8*y - 1260. Calculate the highest common factor of 28 and y.
28
Let u = -95 + 96. What is the highest common divisor of u and 5?
1
Suppose -4*v + 656 = 4*d - d, -5*d = 2*v - 1098. Suppose -d = -5*k - 40. Suppose 3*q = -k + 132. What is the highest common divisor of q and 16?
16
Suppose b + 3 = 7. Suppose 7*j = b*j + 12. What is the greatest common factor of 6 and j?
2
Suppose 3*h + 3*x = 7*h - 172, 0 = -x. Calculate the greatest common factor of 129 and h.
43
Let b(a) = 4*a**2 - 5*a**2 + 2*a**2 - 3*a**3 - 2*a - 3*a**2 + 2. Let y be b(-2). What is the highest common divisor of y and 33?
11
Let m(u) = -2*u + 2*u**2 + 4*u + 6*u + 11. Let g be m(-8). What is the greatest common divisor of 15 and g?
15
Suppose 0 = 2*z - 4*z - 64. Let a = z - -116. Calculate the greatest common divisor of 12 and a.
12
Suppose -2*w - 5*r = -198, -2*r - 396 = -4*w - 0*r. What is the highest common factor of w and 11?
11
Let n be ((-4)/(-12))/((-1)/(-201)) + 3. What is the highest common factor of 28 and n?
14
Let r = 14 - 6. Suppose -3*s - 36 = s. Let j = s + 49. Calculate the greatest common divisor of r and j.
8
Let x(w) = -w**3 - 6*w**2 - 5*w - 3. Let m be x(-6). Suppose m - 3 = 2*t. Let j = 12 - 0. What is the greatest common divisor of j and t?
12
Suppose -3*w - 15 = 0, 5*a + 0*w = w + 50. Calculate the greatest common divisor of 36 and a.
9
Suppose -4*l + 2*z + 56 = 0, 0 = -z - 8 + 4. Let d(o) = -o**3 - 3*o**2 - o - 6. Let r be d(-6). What is the greatest common factor of r and l?
12
Let k(i) = 23*i**2 + i + 1. Let y be k(-1). Let w(c) = -184*c**3 - c**2 + 1. Let f be w(-1). What is the greatest common factor of y and f?
23
Let w = -33 + 44. What is the highest common divisor of w and 253?
11
Suppose -i + 4*s + 17 = 0, 2*i + s - 4*s = 19. Suppose -5*k = -i*y - 15, 4*k - 3*y + 0*y = 10. Calculate the highest common divisor of 4 and k.
1
Let f be 5 + 96/9 - (-2)/(-3). What is the greatest common divisor of 75 and f?
15
Suppose 3*m = 6*m - 3. Let a = 0 + m. Let j = -91 - -96. Calculate the highest common factor of a and j.
1
Let w = 13 - -68. Suppose 3*r - 27 = -2*n, -6*r - 3 = -n - 4*r. Calculate the greatest common divisor of w and n.
9
Suppose 32 + 6 = 2*h. Suppose -k + 122 = -0*k. Suppose 11 = s - k. What is the highest common factor of h and s?
19
Suppose 0 = 8*z - 676 + 244. Let b = -8 + 18. Suppose 6 = 2*x - 3*c, 0 = -5*c + b. What is the highest common divisor of z and x?
6
Let d = -25 - -50. Let k be ((-40)/d)/((-4)/10). What is the greatest common factor of 2 and k?
2
Let f be 4*(-2)/(12/(-3)). Suppose -41 = -5*o - f*c, -9 = -c - 2*c. Suppose -p = p + 4*l - 6, 11 = 3*p + 5*l. What is the greatest common divisor of p and o?
7
Suppose -106*k + 108*k = 162. Calculate the highest common divisor of k and 54.
27
Suppose 55 = 2*z + z - 4*o, 0 = -4*o + 8. What is the highest common factor of 7 and z?
7
Let d(s) = -7*s + 0*s + 0*s. Let l be d(-2). Calculate the greatest common divisor of l and 35.
7
Suppose 11 + 1 = 3*g. Suppose 7*h = g*h + 15. Let i be (-162)/(-4) - 3/6. What is the highest common divisor of h and i?
5
Suppose 0 = -2*p + 4, 3*j + 0*p = -2*p + 424. What is the greatest common factor of 20 and j?
20
Let u(s) = s**3 + 3*s**2 - 1. Let k be u(-2). What is the highest common factor of 27 and k?
3
Let f be (-10)/(-30) - 755/(-3). Let z = f + -167. What is the greatest common divisor of z and 34?
17
Suppose 5 = -3*u + 2. Let x = u - 0. Let o be x*(-3 - 14 - -1). What is the greatest common divisor of o and 8?
8
Let z(v) = -6*v. Let b be (-1)/(1 + -2) - 5. Let c be z(b). Calculate the greatest common factor of c and 96.
24
Suppose 6*u = 5*a + u - 75, -3*a - 5*u + 13 = 0. Calculate the highest common divisor of 44 and a.
11
Let o = -10 - -38. Suppose -5*y - 16 = -g - y, 3*g - 15 = y. Suppose o - 8 = g*m. Calculate the highest common factor of 40 and m.
5
Let o(j) = -j + 3. Let m be o(0). Suppose -m*b = -7*b - 16. Let p = 6 + b. Calculate the greatest common divisor of 2 and p.
2
Let i be (0/2)/(1 + -3). Suppose i*c = -c + 6. L